 128 and 14932768?
32
Calculate the highest common divisor of 546546 and 26607.
147
Calculate the highest common factor of 217 and 38377969.
217
Calculate the highest common divisor of 96816 and 3444.
12
Calculate the greatest common divisor of 12016 and 505423.
751
What is the highest common factor of 8687168 and 1176?
56
What is the greatest common divisor of 1165 and 247939494?
233
What is the greatest common factor of 18050 and 919106?
722
Calculate the greatest common divisor of 620858 and 8744356.
1454
Calculate the greatest common factor of 141326 and 274.
2
Calculate the greatest common divisor of 68 and 4192148.
4
Calculate the highest common factor of 297 and 633281.
11
Calculate the greatest common factor of 2713232 and 896.
16
Calculate the greatest common divisor of 101 and 29699151.
101
What is the greatest common factor of 5345 and 9745004?
1069
What is the greatest common divisor of 602642 and 76?
38
Calculate the highest common divisor of 2758 and 180846.
394
Calculate the greatest common divisor of 99034411 and 98.
7
Calculate the greatest common factor of 15 and 4277708670.
15
Calculate the highest common divisor of 2402012 and 87.
29
What is the highest common divisor of 42 and 1001259?
21
Calculate the highest common divisor of 50 and 8364590.
10
What is the highest common divisor of 10 and 21157910?
10
What is the highest common divisor of 23685864 and 2460?
492
Calculate the highest common divisor of 34 and 24718289.
17
What is the highest common factor of 26562 and 40147?
19
Calculate the highest common divisor of 1969 and 3124624.
179
What is the highest common divisor of 18256702 and 1816?
454
What is the greatest common factor of 532928 and 99167?
757
What is the highest common factor of 63878 and 418?
38
What is the highest common divisor of 1465 and 58290299?
293
Calculate the highest common factor of 138060 and 718380.
2340
What is the highest common factor of 15107878 and 774?
86
Calculate the highest common factor of 1771 and 634315.
11
What is the greatest common factor of 646 and 35810364?
646
What is the highest common divisor of 127488 and 9856?
128
Calculate the highest common divisor of 2339 and 184861.
1
What is the greatest common factor of 1582 and 7344096?
226
Calculate the highest common divisor of 9 and 61607895.
3
What is the greatest common factor of 6444 and 2442992?
716
What is the greatest common factor of 36718 and 190586?
22
Calculate the highest common divisor of 916 and 5498290.
458
Calculate the greatest common factor of 85069 and 290287.
877
What is the greatest common divisor of 73539 and 641?
1
Calculate the greatest common divisor of 315915 and 6015.
15
Calculate the greatest common divisor of 143 and 150297953.
13
Calculate the greatest common factor of 736024775 and 1275.
425
Calculate the highest common factor of 3376 and 417344.
16
What is the greatest common divisor of 5517 and 19422?
9
What is the highest common factor of 807948 and 432?
108
What is the highest common factor of 260991 and 277033?
617
What is the highest common factor of 20544 and 711166512?
5136
Calculate the highest common divisor of 1349230 and 6530.
10
Calculate the highest common divisor of 50855687 and 51.
17
Calculate the highest common divisor of 2248 and 16488518.
562
What is the greatest common divisor of 63 and 33712038?
9
What is the highest common factor of 52512075 and 7794?
3897
Calculate the highest common factor of 64815 and 1383465.
2235
Calculate the highest common divisor of 1218960 and 5835771.
15237
Calculate the highest common divisor of 51484757 and 354.
59
Calculate the greatest common factor of 435005 and 597455.
1805
Calculate the highest common factor of 10426067 and 4189.
59
What is the greatest common divisor of 361095 and 486495?
285
What is the greatest common divisor of 16112 and 298224?
304
What is the highest common factor of 737 and 20798877?
737
Calculate the highest common factor of 9130778 and 1774.
1774
Calculate the highest common divisor of 1782 and 3130872426.
1782
Calculate the greatest common factor of 417 and 9660500.
139
Calculate the greatest common divisor of 182 and 5643554.
14
Calculate the highest common factor of 119803 and 12549.
47
Calculate the greatest common divisor of 9891 and 17464209.
3297
What is the highest common factor of 4487813 and 19805?
3961
What is the greatest common divisor of 580 and 7847168?
116
What is the greatest common factor of 18327309 and 1155?
231
Calculate the greatest common factor of 125139070 and 56.
14
Calculate the greatest common divisor of 631074 and 90147549.
13719
Calculate the greatest common divisor of 1393721 and 959.
7
What is the greatest common factor of 2013650 and 274850?
1150
What is the greatest common divisor of 1240 and 4296755?
155
What is the greatest common divisor of 4655146 and 124?
62
Calculate the highest common divisor of 2717987 and 30659.
1333
What is the highest common factor of 104926284 and 14148?
4716
Calculate the greatest common divisor of 1530 and 26617070.
170
What is the highest common factor of 8463196 and 3290?
658
What is the greatest common divisor of 206504832 and 36?
12
Calculate the highest common divisor of 31173800 and 53410.
490
What is the greatest common divisor of 2767661 and 3796?
13
What is the greatest common factor of 8031 and 156237751?
2677
Calculate the highest common divisor of 1342 and 408700.
122
What is the highest common factor of 466080 and 14240?
160
Calculate the highest common divisor of 19241875 and 153.
17
What is the greatest common divisor of 10626 and 1600179?
483
What is the highest common divisor of 7099122 and 45144?
114
What is the highest common factor of 58902172 and 70?
14
Calculate the highest common divisor of 805 and 3699067.
23
What is the highest common factor of 2339 and 974?
1
What is the greatest common divisor of 141716529 and 81?
9
What is the highest common divisor of 18224 and 24686686?
2278
What is the highest common factor of 42819997 and 11?
11
Calculate the greatest common factor of 82 and 635176838.
82
What is the highest common factor of 10233860 and 14?
14
What is the highest common factor of 127096 and 43704?
8
Calculate the greatest common factor of 98 and 5070450.
14
Calculate the highest common divisor of 510 and 205478694.
102
Calculate the highest common divisor of 24738 and 109914.
42
What is the highest common divisor of 12125 and 35539830?
485
What is the highest common divisor of 5905141 and 284?
71
What is the greatest common divisor of 239562558 and 9?
9
What is the greatest common factor of 123304068 and 72?
36
Calculate the highest common divisor of 3560964 and 872168.
2332
What is the highest common factor of 16994175 and 2145?
165
Calculate the greatest common divisor of 637732 and 1935436.
556
Calculate the greatest common divisor of 93568 and 101286.
34
What is the highest common factor of 28634 and 1766656?
206
Calculate the highest common factor of 7665 and 14385.
105
Calculate the highest common divisor of 11635571 and 93.
31
What is the greatest common divisor of 6171 and 951060?
363
Calculate the greatest common factor of 3768 and 44784.
24
What is the greatest common factor of 568540 and 5012?
28
Calculate the greatest common divisor of 15 and 607178760.
15
What is the highest common factor of 354486 and 5379?
33
Calculate the highest common divisor of 159000 and 81832.
424
Calculate the highest common divisor of 2395 and 176918650.
2395
What is the greatest common factor of 3494154053 and 13?
13
Calculate the greatest common divisor of 4019638 and 98.
14
Calculate the highest common divisor of 3883457 and 204949.
311
Calculate the greatest common factor of 64464 and 146064.
816
Calculate the highest common divisor of 22239512 and 10.
2
What is the highest common divisor of 106529 and 314675?
307
Calculate the highest common divisor of 1379980 and 34930.
70
What is the greatest common divisor of 344088 and 2301?
177
Calculate the greatest common divisor of 8445390 and 290.
10
What is the highest common divisor of 1440 and 193004496?
144
Calculate the greatest common divisor of 258 and 9403326.
258
Calculate the greatest common factor of 16587 and 2904.
3
Calculate the highest common factor of 408 and 350508